at is -4 - -442400?
442341
In base 11, what is -34703 + 5?
-346a9
In base 8, what is 471 + -47?
422
In base 3, what is -21002220122 - 2?
-21002220201
In base 5, what is -2432420 + 1?
-2432414
In base 9, what is -3 + -5730?
-5733
In base 13, what is -4 + 69545?
69541
In base 9, what is 3 + 88228?
88232
In base 3, what is 1001110 + 10012?
1011122
In base 4, what is -11 + -131121232?
-131121303
In base 4, what is -13 - 103312?
-103331
In base 6, what is -354534 + 3?
-354531
In base 11, what is -48294 + -6?
-4829a
In base 9, what is 7 + -44220?
-44212
In base 7, what is -3211446 - 21?
-3211500
In base 9, what is 22316 - 5?
22311
In base 12, what is 227ba + 4?
22802
In base 13, what is -1 - 31a0c?
-31a10
In base 6, what is -10 + -433?
-443
In base 10, what is -37693 + 0?
-37693
In base 8, what is -4363 + 45?
-4316
In base 5, what is 13423100 + 10?
13423110
In base 15, what is -11a + 122?
7
In base 12, what is -b78 - -21?
-b57
In base 3, what is -22011 - 1021201?
-1120212
In base 9, what is 3 + -108870?
-108866
In base 6, what is -554251 + 0?
-554251
In base 6, what is -11013 + 551?
-10022
In base 4, what is -3101121 + 2?
-3101113
In base 3, what is -11 + 20210102012?
20210102001
In base 15, what is -1 - 5ea7e?
-5ea80
In base 15, what is 14 + 8e0?
904
In base 15, what is 5d - 26c7?
-2669
In base 9, what is 188761 + 1?
188762
In base 3, what is 21101001022 + -12?
21101001010
In base 7, what is 1 + -2621144?
-2621143
In base 4, what is 3131 + 2332?
12123
In base 8, what is 104 + 1305?
1411
In base 6, what is -1401 + -142?
-1543
In base 15, what is -147 + 4ee3?
4d9b
In base 12, what is -9 - 1747?
-1754
In base 13, what is 2a6 - -23?
2c9
In base 13, what is -2 + -7678?
-767a
In base 6, what is 200 + -52?
104
In base 3, what is -11 - -1221202220020?
1221202220002
In base 3, what is -1210121122 + -110?
-1210122002
In base 7, what is 302 - 10203?
-6601
In base 16, what is 5 - 4964f?
-4964a
In base 16, what is 20 - -18e?
1ae
In base 12, what is -5689 - 41?
-570a
In base 5, what is -321410 + -34?
-321444
In base 5, what is 24 + 44002042?
44002121
In base 8, what is -46473 + -5?
-46500
In base 4, what is -22013 - -13?
-22000
In base 14, what is -1 + -259ab?
-259ac
In base 2, what is -101 - 10111011001110111111?
-10111011001111000100
In base 13, what is -51a + -94?
-5b1
In base 5, what is -3 + 22432?
22424
In base 9, what is 2 - 7860?
-7857
In base 9, what is -180 - -7?
-172
In base 13, what is -26 - -1766?
1740
In base 2, what is 101 + -101011111000110?
-101011111000001
In base 9, what is 3102 + 3?
3105
In base 7, what is 3250 - -1635?
5215
In base 15, what is 3 - 603a?
-6037
In base 8, what is 14106 - -144?
14252
In base 6, what is -221314231 - 3?
-221314234
In base 4, what is 3 + -1200032331?
-1200032322
In base 11, what is 1650a83 + -4?
1650a7a
In base 12, what is -3160 - -2?
-315a
In base 6, what is -1542223 - 5?
-1542232
In base 9, what is -3 + -111254?
-111257
In base 4, what is -20122 - -302?
-13220
In base 12, what is b87a3 + -2?
b87a1
In base 16, what is -20 + 3be?
39e
In base 2, what is -100110100 + -1101111110?
-10010110010
In base 16, what is -10 - -f25?
f15
In base 5, what is -102 + 3330?
3223
In base 5, what is 23 + 1044103?
1044131
In base 8, what is 11 - -541417?
541430
In base 8, what is -2 - -14261?
14257
In base 13, what is -8cb - 11?
-90c
In base 14, what is -555a + 1?
-5559
In base 7, what is -4131 - -32?
-4066
In base 15, what is 1b2 + -2a3?
-e1
In base 6, what is -3 - -12201?
12154
In base 11, what is 7 - 6810?
-6804
In base 4, what is -13202132 + 2?
-13202130
In base 15, what is -3 + 4b23c?
4b239
In base 6, what is -4051443 + -2?
-4051445
In base 3, what is 102120012101 + -10?
102120012021
In base 16, what is 1e - 27?
-9
In base 11, what is 69079 - 22?
69057
In base 10, what is 4 - -8637?
8641
In base 4, what is -111 + -1332320?
-1333031
In base 4, what is -11022331210 - -2?
-11022331202
In base 3, what is -100 - 12221220010?
-12221220110
In base 5, what is 24 + 10040423?
10041002
In base 6, what is -113 - 233?
-350
In base 8, what is -1 - -3213346?
3213345
In base 5, what is -10 + 3331123?
3331113
In base 11, what is 4a630 - 19?
4a612
In base 13, what is 882 - -1505?
2087
In base 8, what is 10144 - 66?
10056
In base 16, what is -5 - 5d390?
-5d395
In base 6, what is -25020 - 103?
-25123
In base 14, what is 1 - -1aa9?
1aaa
In base 3, what is -11 - -1010221121?
1010221110
In base 7, what is 1663 - 15?
1645
In base 10, what is 22628 - -2?
22630
In base 13, what is 72 + 1375?
1417
In base 4, what is 101303 + -1332?
33311
In base 5, what is 133104 + -2?
133102
In base 8, what is 50723 - -4?
50727
In base 15, what is b - 24?
-18
In base 12, what is 92 + -3a9?
-317
In base 2, what is 10100101110011010 - -111?
10100101110100001
In base 12, what is -1 - -ab33?
ab32
In base 7, what is -4242 + -62?
-4334
In base 3, what is 2 + 21021102120?
21021102122
In base 11, what is -4 - -1763a9?
1763a5
In base 2, what is 1010010001101001101 - -10?
1010010001101001111
In base 12, what is 29064 - -7?
2906b
In base 15, what is c + -15e?
-152
In base 5, what is 104231 + -22?
104204
In base 15, what is 2a6 - -88d?
b44
In base 7, what is 505345 - -10?
505355
In base 3, what is 20121102 - -1111?
20122220
In base 7, what is 103 - 166?
-63
In base 3, what is -21112 - -1220000?
1121111
In base 3, what is 111 - -10100?
10211
In base 11, what is -10a03a + 4?
-10a036
In base 12, what is -9000 - -4b?
-8b71
In base 7, what is 263 + -6164?
-5601
In base 3, what is -2 - -211222001?
211221222
In base 9, what is -4052862 + 0?
-4052862
In base 7, what is -35103 - -2112?
-32661
In base 13, what is -7bc - 14b?
-93a
In base 12, what is -406 + -7?
-411
In base 16, what is d00 + -37?
cc9
In base 14, what is -9b25 + b?
-9b18
In base 7, what is -146 + -160?
-336
In base 6, what is -40300 - 10?
-40310
In base 8, what is 0 - -34345?
34345
In base 9, what is 3 - 44000?
-43886
In base 3, what is -101102 + -21000?
-122102
In base 12, what is -3a56 + -11?
-3a67
In base 3, what is -212112001 + 21?
-212111210
In base 10, what is -378 + 20?
-358
In base 7, what is 1230644 - 0?
1230644
In base 6, what is -53 - 1240242?
-1240335
In base 2, what is 100000000010 + -101110?
11111010100
In base 5, what is -2021404 + 1?
-2021403
In base 12, what is -392393 - 3?
-392396
In base 4, what is -11 + 12231210?
12231133
In base 10, what is 67 - 17583?
-17516
In base 4, what is -10113332 - -1210?
-10112122
In base 15, what is 19e4 - a?
19d9
In base 12, what is -1 + -7518?
-7519
In base 8, what is 66 + -320?
-232
In base 9, what is -600 + 120?
-470
In base 4, what is 112 - -112000132?
112000310
In base 3, what is -11002021111 - 10?
-11002021121
In base 3, what is -112101 - -221211?
102110
In base 10, what is -25 - -80874?
80849
In base 5, what is 313 - -10341?
11204
In base 12, what is 11801 + -4b?
11772
In base 9, what is 621 - -17607?
18328
In base 7, what is -10 - -136011?
136001
In base 3, what is -111112 - -101?
-111011
In base 7, what is 2 - 3100?
-3065
In base 2, what is -10100001111111 + 1000?
-10100001110111
In base 13, what is -1bb90 + -5?
-1bb95
In base 8, what is 3400703 + 2?
3400705
In base 2, what is -1 - 10000100110000?
-10000100110001
In base 10, what is -23735 - 2?
-23737
In base 4, what is 12222303 - -303?
12223212
In base 13, what is 6bb17 - -1?
6bb18
In base 2, what is 111000101100100 + -1?
111000101100011
In base 4, what is 20 + -32222320?
-32222300
In base 13, what is 1aa13 - -1?
1aa14
In base 7, what is -1111625 + -2?
-1111630
In base 5, what is 10032 + 1440?
12022
In base 3, what is 22011 + -111111?
-12100
In base 6, what is 2155113 + 5?
2155122
In base 14, what is -1b2 + -521?
-6d3
In base 13, what is -2b763a + -5?
-2b7642
In base 13, what is -30c + -1bb?
-4ca
In base 3, what is 11 + -1020110212?
-1020110201
In base 7, what is 2 + 251466?
251501
In base 11, what is 217a + -4?
2176
In base 3, what is -112222220 - -1?
-112222212
In base 14, what is 3084 + -1b?
3067
In base 14, what is 1192 - -9b6?
1b68
In base 2, what is 111100101100111 + 10000?
111100101110111
In base 8, what is 3 + -3303564?
-3303561
In base 15, what is -31c9bc - -5?
-31c9b7
In base 12, what is 455 - b3?
362
In base 4, what is 10 + 323033331?
323100001
In base 9, what is -4 + 673?
668
In base 15, what is -48bd - 